{"id":24,"date":"2025-07-18T00:17:19","date_gmt":"2025-07-17T21:17:19","guid":{"rendered":"https:\/\/canargankozmetik.com.tr\/?page_id=4"},"modified":"2026-03-26T17:18:46","modified_gmt":"2026-03-26T14:18:46","slug":"iletisim","status":"publish","type":"page","link":"https:\/\/www.canargankozmetik.com.tr\/?page_id=24","title":{"rendered":"\u0130leti\u015fim"},"content":{"rendered":"<div data-colibri-id=\"24-c1\" class=\"style-440 style-local-24-c1 position-relative\">\n  <!---->\n  <div data-colibri-component=\"section\" data-colibri-id=\"24-c2\" id=\"initial-content\" class=\"h-section h-section-global-spacing d-flex align-items-lg-center align-items-md-center align-items-center style-441 style-local-24-c2 position-relative\">\n    <!---->\n    <!---->\n    <div class=\"h-section-grid-container h-section-boxed-container\">\n      <!---->\n      <div data-colibri-id=\"24-c3\" class=\"h-row-container gutters-row-lg-2 gutters-row-md-2 gutters-row-0 gutters-row-v-lg-2 gutters-row-v-md-2 gutters-row-v-2 style-442 style-local-24-c3 position-relative\">\n        <!---->\n        <div class=\"h-row justify-content-lg-center justify-content-md-center justify-content-center align-items-lg-stretch align-items-md-stretch align-items-stretch gutters-col-lg-2 gutters-col-md-2 gutters-col-0 gutters-col-v-lg-2 gutters-col-v-md-2 gutters-col-v-2\">\n          <!---->\n          <div class=\"h-column h-column-container d-flex h-col-lg-auto h-col-md-auto h-col-auto style-443-outer style-local-24-c4-outer\">\n            <div data-colibri-id=\"24-c4\" class=\"d-flex h-flex-basis h-column__inner h-px-lg-2 h-px-md-2 h-px-2 v-inner-lg-2 v-inner-md-2 v-inner-2 style-443 style-local-24-c4 position-relative\">\n              <!---->\n              <!---->\n              <div class=\"w-100 h-y-container h-column__content h-column__v-align flex-basis-100 align-self-lg-start align-self-md-start align-self-start\">\n                <!---->\n                <div data-colibri-id=\"24-c5\" class=\"h-text h-text-component style-458 style-local-24-c5 position-relative h-element\">\n                  <!---->\n                  <!---->\n                  <div class=\"\">\n                    <p>&nbsp;&nbsp;&nbsp;Telefon: +90 532 304 33 29<\/p>\n                    <p><span style=\"font-weight: 400; font-size: 16px; font-family: &quot;Open Sans&quot;; color: rgb(70, 112, 127);\">&nbsp;&nbsp;&nbsp;E-mail: info@canargankozmetik.com.tr<\/span><\/p>\n                    <p>&nbsp;&nbsp;&nbsp;Adres:&nbsp;Ak\u00e7e\u015fme Mah. G\u00fcm\u00fc\u015fler Bul. \u015eanl\u0131alp \u0130\u015f Merkezi No:65\/9 Merkezefendi\/DEN\u0130ZL\u0130<\/p>\n                    <p>\n                      <br>\n                    <\/p>\n                    <p>\n                      <br>\n                    <\/p>\n                    <p>\n                      <br>\n                    <\/p>\n                    <p>\n                      <br>\n                    <\/p>\n                  <\/div>\n                <\/div>\n              <\/div>\n            <\/div>\n          <\/div>\n        <\/div>\n      <\/div>\n    <\/div>\n  <\/div>\n<\/div>","protected":false},"excerpt":{"rendered":"<p>&nbsp;&nbsp;&nbsp;Telefon: +90 532 304 33 29 &nbsp;&nbsp;&nbsp;E-mail: info@canargankozmetik.com.tr &nbsp;&nbsp;&nbsp;Adres:&nbsp;Ak\u00e7e\u015fme Mah. G\u00fcm\u00fc\u015fler Bul. \u015eanl\u0131alp \u0130\u015f Merkezi No:65\/9 Merkezefendi\/DEN\u0130ZL\u0130<\/p>\n","protected":false},"author":1,"featured_media":0,"parent":0,"menu_order":3,"comment_status":"closed","ping_status":"closed","template":"page-templates\/full-width-page.php","meta":{"footnotes":""},"class_list":["post-24","page","type-page","status-publish","hentry"],"featured_media_urls":[],"_links":{"self":[{"href":"https:\/\/www.canargankozmetik.com.tr\/index.php?rest_route=\/wp\/v2\/pages\/24","targetHints":{"allow":["GET"]}}],"collection":[{"href":"https:\/\/www.canargankozmetik.com.tr\/index.php?rest_route=\/wp\/v2\/pages"}],"about":[{"href":"https:\/\/www.canargankozmetik.com.tr\/index.php?rest_route=\/wp\/v2\/types\/page"}],"author":[{"embeddable":true,"href":"https:\/\/www.canargankozmetik.com.tr\/index.php?rest_route=\/wp\/v2\/users\/1"}],"replies":[{"embeddable":true,"href":"https:\/\/www.canargankozmetik.com.tr\/index.php?rest_route=%2Fwp%2Fv2%2Fcomments&post=24"}],"version-history":[{"count":5,"href":"https:\/\/www.canargankozmetik.com.tr\/index.php?rest_route=\/wp\/v2\/pages\/24\/revisions"}],"predecessor-version":[{"id":606,"href":"https:\/\/www.canargankozmetik.com.tr\/index.php?rest_route=\/wp\/v2\/pages\/24\/revisions\/606"}],"wp:attachment":[{"href":"https:\/\/www.canargankozmetik.com.tr\/index.php?rest_route=%2Fwp%2Fv2%2Fmedia&parent=24"}],"curies":[{"name":"wp","href":"https:\/\/api.w.org\/{rel}","templated":true}]}}