{"id":22,"date":"2025-07-18T00:17:19","date_gmt":"2025-07-17T21:17:19","guid":{"rendered":"https:\/\/canargankozmetik.com.tr\/?page_id=2"},"modified":"2025-08-13T12:14:34","modified_gmt":"2025-08-13T09:14:34","slug":"hakkimizda","status":"publish","type":"page","link":"https:\/\/www.canargankozmetik.com.tr\/?page_id=22","title":{"rendered":"Hakk\u0131m\u0131zda"},"content":{"rendered":"<div data-colibri-id=\"22-c1\" class=\"style-421 style-local-22-c1 position-relative\">\n  <!---->\n  <div data-colibri-component=\"section\" data-colibri-id=\"22-c2\" id=\"initial-content\" class=\"h-section h-section-global-spacing d-flex align-items-lg-center align-items-md-center align-items-center style-422 style-local-22-c2 position-relative\">\n    <!---->\n    <!---->\n    <div class=\"h-section-grid-container h-section-boxed-container\">\n      <!---->\n      <div data-colibri-id=\"22-c3\" class=\"h-row-container gutters-row-lg-2 gutters-row-md-2 gutters-row-0 gutters-row-v-lg-2 gutters-row-v-md-2 gutters-row-v-2 style-423 style-local-22-c3 position-relative\">\n        <!---->\n        <div class=\"h-row justify-content-lg-center justify-content-md-center justify-content-center align-items-lg-stretch align-items-md-stretch align-items-stretch gutters-col-lg-2 gutters-col-md-2 gutters-col-0 gutters-col-v-lg-2 gutters-col-v-md-2 gutters-col-v-2\">\n          <!---->\n          <div class=\"h-column h-column-container d-flex h-col-lg-auto h-col-md-auto h-col-auto style-424-outer style-local-22-c4-outer\">\n            <div data-colibri-id=\"22-c4\" class=\"d-flex h-flex-basis h-column__inner h-px-lg-2 h-px-md-2 h-px-2 v-inner-lg-2 v-inner-md-2 v-inner-2 style-424 style-local-22-c4 position-relative\">\n              <!---->\n              <!---->\n              <div class=\"w-100 h-y-container h-column__content h-column__v-align flex-basis-100 align-self-lg-start align-self-md-start align-self-start\">\n                <!---->\n                <div data-colibri-id=\"22-c5\" class=\"h-text h-text-component style-431 style-local-22-c5 position-relative h-element\">\n                  <!---->\n                  <!---->\n                  <div class=\"\">\n                    <p><strong>Can Argan Sabun &amp; Kozmetik<\/strong>, Denizli\u2019de kurulu bir aile i\u015fletmesidir. Do\u011fan\u0131n bize sundu\u011fu en saf hammaddeleri, modern \u00fcretim teknolojileriyle birle\u015ftirerek kaliteli ve sa\u011fl\u0131kl\u0131 sabunlar \u00fcretiyoruz.\n                      <br>Y\u00fcksek \u00fcretim kapasiteli hatt\u0131m\u0131zda, mikser, homojenle\u015ftirici ve damgalama makinelerimiz ile so\u011fuk proses y\u00f6ntemiyle y\u00fcksek verimlilikte \u00fcretim yap\u0131yoruz. T\u00fcm \u00fcr\u00fcnlerimiz <strong>Sa\u011fl\u0131k Bakanl\u0131\u011f\u0131 onayl\u0131<\/strong> olup, uluslararas\u0131\n                      kalite standartlar\u0131na uygun \u015fekilde \u00fcretilmektedir.<\/p>\n                    <p>Koleksiyonumuzda <strong>20 \u00e7e\u015fit<\/strong> do\u011fal sabun yer almaktad\u0131r. Zeytinya\u011fl\u0131, lavantal\u0131, ke\u00e7i s\u00fctl\u00fc ve kabak lifli sabunlar\u0131m\u0131z en \u00e7ok tercih edilen \u00fcr\u00fcnlerimiz aras\u0131ndad\u0131r. Tamamen do\u011fal ya\u011flar, bitki \u00f6zleri ve sa\u011fl\u0131kl\u0131 i\u00e7erikler\n                      kullanarak hem cildinize hem do\u011faya dost \u00fcr\u00fcnler sunuyoruz.<\/p>\n                    <p>\u00dcr\u00fcnlerimizi yaln\u0131zca bireysel m\u00fc\u015fterilere de\u011fil, ayn\u0131 zamanda <strong>oteller<\/strong>, <strong>distrib\u00fct\u00f6rler<\/strong>, <strong>ev tekstili \u00fcreticileri<\/strong> ve <strong>\u00f6zel marka<\/strong> \u00fcretim isteyen i\u015f ortaklar\u0131na da sunuyoruz.\n                      <br> Misyonumuz; do\u011fall\u0131\u011f\u0131, kaliteyi ve s\u00fcrd\u00fcr\u00fclebilirli\u011fi \u00f6n planda tutarak, d\u00fcnyada do\u011fal sabun denince akla gelen ilk marka olmakt\u0131r.<\/p>\n                  <\/div>\n                <\/div>\n              <\/div>\n            <\/div>\n          <\/div>\n        <\/div>\n      <\/div>\n    <\/div>\n  <\/div>\n  <div data-colibri-component=\"section\" data-colibri-id=\"22-c6\" id=\"custom\" class=\"h-section h-section-global-spacing d-flex align-items-lg-center align-items-md-center align-items-center style-432 style-local-22-c6 position-relative\">\n    <!---->\n    <!---->\n    <div class=\"h-section-grid-container h-section-boxed-container\">\n      <!---->\n      <div data-colibri-id=\"22-c7\" class=\"h-row-container gutters-row-lg-2 gutters-row-md-2 gutters-row-0 gutters-row-v-lg-2 gutters-row-v-md-2 gutters-row-v-2 style-438 style-local-22-c7 position-relative\">\n        <!---->\n        <div class=\"h-row justify-content-lg-center justify-content-md-center justify-content-center align-items-lg-stretch align-items-md-stretch align-items-stretch gutters-col-lg-2 gutters-col-md-2 gutters-col-0 gutters-col-v-lg-2 gutters-col-v-md-2 gutters-col-v-2\">\n          <!---->\n          <div class=\"h-column h-column-container d-flex h-col-lg-auto h-col-md-auto h-col-auto style-439-outer style-local-22-c8-outer\">\n            <div data-colibri-id=\"22-c8\" class=\"d-flex h-flex-basis h-column__inner h-px-lg-2 h-px-md-2 h-px-2 v-inner-lg-2 v-inner-md-2 v-inner-2 style-439 style-local-22-c8 position-relative\">\n              <!---->\n              <!---->\n              <div class=\"w-100 h-y-container h-column__content h-column__v-align flex-basis-100 align-self-lg-start align-self-md-start align-self-start\">\n                <!---->\n                <div data-colibri-id=\"22-c9\" class=\"h-x-container style-435 style-local-22-c9 position-relative h-element\">\n                  <!---->\n                  <div class=\"h-x-container-inner style-dynamic-22-c9-group style-435-spacing style-local-22-c9-spacing\"><span class=\"h-link__outer style-436-outer style-local-22-c10-outer d-inline-flex h-element\"><a h-use-smooth-scroll=\"true\" href=\"https:\/\/drive.google.com\/file\/d\/1_8q1ontSp3YD1o3KPiAdn2SwpegkQlUN\/view?usp=sharing\"  data-colibri-id=\"22-c10\" class=\"d-flex w-100 align-items-center h-link style-436 style-local-22-c10 position-relative\"><!----><!----> <span>Katalo\u011fumuz<\/span><\/a>\n                    <\/span>\n                  <\/div>\n                <\/div>\n              <\/div>\n            <\/div>\n          <\/div>\n        <\/div>\n      <\/div>\n    <\/div>\n  <\/div>\n<\/div>","protected":false},"excerpt":{"rendered":"<p>Can Argan Sabun &amp; Kozmetik, Denizli\u2019de kurulu bir aile i\u015fletmesidir. Do\u011fan\u0131n bize sundu\u011fu en saf hammaddeleri, modern \u00fcretim teknolojileriyle birle\u015ftirerek kaliteli ve sa\u011fl\u0131kl\u0131 sabunlar \u00fcretiyoruz. Y\u00fcksek \u00fcretim kapasiteli hatt\u0131m\u0131zda, mikser, homojenle\u015ftirici ve damgalama makinelerimiz ile so\u011fuk proses y\u00f6ntemiyle y\u00fcksek verimlilikte \u00fcretim yap\u0131yoruz. T\u00fcm \u00fcr\u00fcnlerimiz Sa\u011fl\u0131k Bakanl\u0131\u011f\u0131 onayl\u0131 olup, uluslararas\u0131 kalite standartlar\u0131na uygun \u015fekilde \u00fcretilmektedir. Koleksiyonumuzda [&hellip;]<\/p>\n","protected":false},"author":1,"featured_media":0,"parent":0,"menu_order":1,"comment_status":"closed","ping_status":"closed","template":"page-templates\/full-width-page.php","meta":{"footnotes":""},"class_list":["post-22","page","type-page","status-publish","hentry"],"featured_media_urls":[],"_links":{"self":[{"href":"https:\/\/www.canargankozmetik.com.tr\/index.php?rest_route=\/wp\/v2\/pages\/22","targetHints":{"allow":["GET"]}}],"collection":[{"href":"https:\/\/www.canargankozmetik.com.tr\/index.php?rest_route=\/wp\/v2\/pages"}],"about":[{"href":"https:\/\/www.canargankozmetik.com.tr\/index.php?rest_route=\/wp\/v2\/types\/page"}],"author":[{"embeddable":true,"href":"https:\/\/www.canargankozmetik.com.tr\/index.php?rest_route=\/wp\/v2\/users\/1"}],"replies":[{"embeddable":true,"href":"https:\/\/www.canargankozmetik.com.tr\/index.php?rest_route=%2Fwp%2Fv2%2Fcomments&post=22"}],"version-history":[{"count":4,"href":"https:\/\/www.canargankozmetik.com.tr\/index.php?rest_route=\/wp\/v2\/pages\/22\/revisions"}],"predecessor-version":[{"id":326,"href":"https:\/\/www.canargankozmetik.com.tr\/index.php?rest_route=\/wp\/v2\/pages\/22\/revisions\/326"}],"wp:attachment":[{"href":"https:\/\/www.canargankozmetik.com.tr\/index.php?rest_route=%2Fwp%2Fv2%2Fmedia&parent=22"}],"curies":[{"name":"wp","href":"https:\/\/api.w.org\/{rel}","templated":true}]}}